4 and y?
2
Let f = -121 - -169. Let a(m) = -m**2 + 6*m - 2. Let n be a(4). What is the greatest common factor of n and f?
6
Suppose 993 = 4*i + 5. What is the greatest common divisor of i and 13?
13
Let s(x) = -x**3 + 9*x**2 - 9*x + 7. Let t be s(7). Let y(b) = -3 + 3*b - 3 + 0. Let k be y(4). Calculate the highest common divisor of k and t.
6
Suppose -j + f + 13 = 2*j, 2 = -2*f. Suppose 170 = -2*c + j*c. Suppose -d + 102 = 2*d. Calculate the greatest common divisor of d and c.
17
Let z(m) = m**3 + 4*m**2 + 2. Let t be z(-4). Calculate the highest common factor of t and 4.
2
Suppose -3*k + 16 = -5. Calculate the greatest common factor of 14 and k.
7
Let g be 6/6 + (-3 - -1). Let l be -4*6/(-4 - g). Suppose l*i - 5*i = 312. What is the highest common factor of i and 13?
13
Suppose -190 = -0*j - 5*j. Suppose 4*v = 2*v + 38. What is the greatest common factor of j and v?
19
Let t(h) = 21*h**2 + 3*h + 2. Let x be t(-1). What is the greatest common factor of x and 5?
5
Let p be 7/1 + 3/(-1). Let i be (-189)/(-15) + p/10. What is the greatest common factor of i and 117?
13
Suppose -3*v = -3*m - 36, -2*v = -6*v - m + 38. Let c(z) = 59*z**3 + 4 + 11*z**3 - 9*z**3 - 5. Let y be c(1). Calculate the highest common factor of y and v.
10
Suppose -r + 13 = -32. Let w be 3 + -5*(-48)/20. Calculate the highest common factor of r and w.
15
Suppose 0 = w + w - 396. Calculate the greatest common factor of w and 18.
18
Let w(g) = g + 28. Let r be w(-7). Suppose 0*i - 2*i = -14. What is the highest common factor of i and r?
7
Let s = -3 + 8. Let t be 2/(-10) - (-6)/s. Let v(z) = z**2 + 8*z + 8. Let i be v(-7). Calculate the greatest common divisor of i and t.
1
Let f(r) = 6*r**2 + 1. Suppose 4*n - 6 = -p - p, -5*n + 4*p + 1 = 0. Let t be f(n). Let i = -6 + 55. Calculate the highest common factor of t and i.
7
Let g be 6/14 + 12839/259. Let q(c) = -2*c - 5. Let v be q(-5). What is the greatest common factor of v and g?
5
Let v = -84 - -184. Calculate the greatest common factor of v and 40.
20
Let t be (-3)/(0 + -3) + -2. Let w be (t - 0) + 54/3. Let f = -135 - -254. Calculate the greatest common factor of w and f.
17
Suppose n - l + 6*l = 19, 15 = n + l. Let y be n/(-10)*1*-5. Let u = 14 + -7. What is the greatest common factor of u and y?
7
Let o = 13 - 6. Suppose 3 = -m, -4*m + 9*m + o = -4*n. Suppose 2*d + 3*d - 50 = 0. What is the highest common divisor of n and d?
2
Suppose -z - 24 = 1. Let y be z/2*(-20)/25. Calculate the greatest common divisor of y and 90.
10
Let n = -1 - -5. Suppose n*c = -p + 190 - 35, -3*p - 175 = -4*c. Let r = 27 + -19. Calculate the greatest common factor of c and r.
8
Let p(r) = -14*r**3 - 4*r - 3. Let s be p(-2). Let b(o) = 4*o**2 + 2*o + 1. Let h be b(-2). Calculate the highest common factor of s and h.
13
Suppose -7*z + 10*z = 252. What is the highest common divisor of 28 and z?
28
Let t(h) = -2*h - 28. Let g be t(-20). What is the greatest common factor of g and 84?
12
Let h be (-558)/(-42) + 2/14*-2. What is the highest common factor of h and 26?
13
Let j(h) = -5*h + 1. Let u be j(-1). Let k(t) = -24*t - 9. Let a be k(-6). Let f = a + -69. Calculate the greatest common divisor of u and f.
6
Suppose 0 = 3*b - 17 + 5. Suppose p - 5*y - 28 - 27 = 0, p + b*y = 55. Calculate the highest common divisor of 5 and p.
5
Let x = -2 - -9. Let z = 151 - 102. Calculate the highest common divisor of x and z.
7
Let h(q) = q**2 + 2*q + 4. Let w be h(-5). Let o = w - -35. Calculate the highest common factor of o and 9.
9
Suppose 1543 = 5*p + w - 0*w, -5*p + 1528 = -4*w. Calculate the highest common divisor of 28 and p.
28
Let n = -129 + 234. Let q(f) = f + 42. Let o be q(0). What is the highest common divisor of n and o?
21
Suppose 0*p + 4*p = 0. Suppose p*s = -3*s. Suppose 5*j + 10 = s, 2*j - 3*j + 38 = 5*x. Calculate the greatest common factor of 64 and x.
8
Let q = -7 + 8. Let v(n) = 11*n**3 + n**2 - 2*n + 1. Let p be v(1). Calculate the greatest common divisor of p and q.
1
Let m = -7 + 12. Let k = m - -6. What is the highest common factor of k and 121?
11
Suppose -4*u = 5*i + 25 - 235, 199 = 4*i - 3*u. Let m = 64 - i. What is the greatest common factor of m and 12?
6
Let g be ((-10)/(-4))/(11/22). What is the highest common factor of g and 5?
5
Let w(m) = -m**2 + 9. Let g be w(0). Suppose 0 = 7*a - a - 18. Suppose g + 21 = z - 2*i, -a*z - 2*i = -66. What is the highest common divisor of 36 and z?
12
Let m be 1/(170/56 - 3). Calculate the greatest common factor of 56 and m.
28
Let s = 9 + -6. Suppose -z = -3*u - 1, -s*z + 3 = 2*u + 3*u. What is the greatest common divisor of z and 8?
1
Let q = 3 + -5. Let z(d) = 10*d**2 - d - 2. Let w be z(q). Let m(c) = c + 1. Let b be m(4). Calculate the highest common divisor of w and b.
5
Let w(x) = x**3 - 15*x**2 + 14*x + 26. Let h be w(14). What is the highest common divisor of 2 and h?
2
Let z(n) = -4*n - 22. Let d be z(-7). Let g = -83 - -149. What is the highest common divisor of d and g?
6
Let o(n) = n**2 + 23. Let p be o(13). Calculate the highest common factor of p and 24.
24
Let g(m) = -m + 1. Let j be g(-3). Let h(o) = o**2 - 2*o + 8. Let a be h(j). What is the greatest common divisor of 8 and a?
8
Let o be (1 - -1)/(2/(-4)). Let n = 8 - o. Suppose 0 = 2*z + 4*a - 44, -5*z - 5*a + 62 = -53. What is the greatest common divisor of z and n?
12
Let m = 5 - 3. Suppose 0 = -w - m*w. Let j be w + 1 + (-3 - -9). Calculate the highest common divisor of j and 35.
7
Suppose 2*j + 133 = 385. Let s = 77 + -63. What is the greatest common divisor of j and s?
14
Let c(h) = h**3 + 5*h**2 - 3*h + 2. Let m be c(-6). Let v be 1 - (0 - (73 - -2)). Let a = m + v. Calculate the greatest common divisor of a and 15.
15
Let v(c) = 52*c - 26. Let u be v(3). What is the greatest common divisor of 39 and u?
13
Let r(t) be the first derivative of 4*t**3/3 + 3*t**2/2 + t - 1. Let q be r(-3). Calculate the highest common factor of 7 and q.
7
Let r = 42 - 12. Suppose 4*q + 1 - 53 = 0. Suppose -n = -2*h + 22, -2*n + 41 - q = 2*h. Calculate the highest common factor of r and h.
6
Suppose b - 2 = 1. Let u = 43 - b. Let a = -24 + u. Calculate the highest common divisor of 24 and a.
8
Let p be (-35)/(-10) - 3/6. Let a(k) = k**3 - k**2 - k - 4. Let y be a(p). Calculate the greatest common factor of y and 1.
1
Suppose 7*b = 4*b + 15. Let a = b + -6. Let w be (-18)/4*(a + -1). What is the greatest common factor of 9 and w?
9
Suppose 5*m + 226 = -4*q + 5*q, 0 = 5*q - 5. Let o be (0 - m) + -4 + 1. Calculate the highest common factor of 7 and o.
7
Let l(o) = o**2 + 1. Suppose -t + x + 0*x = 1, 0 = -t + 2*x - 5. Suppose -5*w = t - 13. Let z be l(w). What is the greatest common divisor of 10 and z?
5
Let c = 13 - 6. Suppose o = -4*i + 5, -i + o = i - c. Let x be (15/5)/(i/30). Calculate the greatest common divisor of 5 and x.
5
Suppose j + 209 = -4*g - 2*j, 0 = -4*j + 4. Let t = 19 - g. Calculate the highest common divisor of 8 and t.
8
Suppose 13*g - 11*g = 72. What is the greatest common factor of g and 9?
9
Let i = -10 - -37. Calculate the greatest common factor of i and 3.
3
Let v be (-64)/(-10) + (-2)/5. What is the greatest common factor of 54 and v?
6
Let h = 27 + -22. What is the highest common factor of 55 and h?
5
Suppose 0 = -5*j + 6*j - 3*v - 71, v + 137 = 2*j. Calculate the greatest common divisor of 102 and j.
34
Suppose -5*i = -4*g - 104, 0*g - g + 100 = 4*i. Calculate the highest common divisor of 168 and i.
24
Let m be 0 + 2 - (-45 + 15). Calculate the greatest common factor of m and 64.
32
Let x(y) = -y**3 + 6*y**2 - 2*y + 5. Let b be x(6). Let d = -3 - b. Suppose d*n - 38 = 2*n. Calculate the highest common divisor of 133 and n.
19
Suppose 6*n - n - 40 = 0. Let d be -2*(2 + 23/2). Let m = d - -115. Calculate the highest common factor of m and n.
8
Let m = -14 - -28. Let z = m + 85. Calculate the greatest common divisor of 9 and z.
9
Suppose -3*n = -x - x - 7, 5*x - 2*n - 10 = 0. Let b be 417/6 - (-2)/x. What is the highest common divisor of 14 and b?
14
Let z = -18 - -23. Calculate the greatest common factor of 10 and z.
5
Suppose -4*n - 44 = -6*n. Calculate the highest common divisor of 220 and n.
22
Suppose -4*a - 7 = -59. What is the highest common factor of a and 91?
13
Let g be (-4)/(-5)*(-3 + 63). Calculate the